e factors of u?
5
Suppose 360 + 368 = 7*k. List the prime factors of k.
2, 13
What are the prime factors of (3/4)/((-18)/(-144)) - -1749?
3, 5, 13
Let u(x) = -x**2 + 4. Let a be u(0). Suppose a*j + 161 = 633. Suppose j + 29 = 7*v. What are the prime factors of v?
3, 7
List the prime factors of 9*6/324 - (-5471)/6.
2, 3, 19
Suppose 2*r - 19 = -7. Suppose -3*h - 72 = 3*h. List the prime factors of (-248)/h + (-4)/r.
2, 5
Let r(f) = 5*f**3 + f**2 + 7*f + 2. Let w(v) = v**3 + 1. Let j(s) = r(s) - 6*w(s). Let u be j(3). List the prime factors of 5 - (u - -4) - -33.
5, 7
Let g = 28 - 8. Let m(s) = -2*s**2 + 43*s - 25. What are the prime factors of m(g)?
5, 7
Suppose -8*w - l = -12*w + 1624, 2*w - 812 = 2*l. What are the prime factors of w?
2, 7, 29
Let f(n) = 238*n - 9. Let o(q) = -238*q + 7. Let i(l) = -4*f(l) - 5*o(l). What are the prime factors of i(1)?
239
Suppose 7 = 3*m - 5. Suppose -m*x = -6*x + 22. List the prime factors of 4 - (-3 + 3 - x).
3, 5
Suppose 14*l = -18360 + 45898. What are the prime factors of l?
7, 281
Let l be (-8)/4 + 3 - -6. Let g be 4/14 + 12/l. Suppose -m = g*c - 25, 0*m + 45 = m - 2*c. What are the prime factors of m?
5, 7
Suppose 3*u - t - 703 - 2603 = 0, t = 0. What are the prime factors of u?
2, 19, 29
Suppose -v + 86 = 89. List the prime factors of -6*((-996)/(-8))/v.
3, 83
Let f(l) = l**3 - l**2. Let o(h) = -8*h**3 + 7*h**2 - 4. Let k(a) = -4*f(a) - o(a). List the prime factors of k(2).
2, 3
Let l be 1 + (-1 - -1) - 2. Let m(o) = 0*o**2 - 1460*o**3 - 2*o**2 + 3*o + 1422*o**3 - 4*o. What are the prime factors of m(l)?
37
Let g(x) = 2*x + 4. Let t be g(-2). Let d = t + 5. Suppose 4*u + 31 = d*l - 110, -2*u = -4*l + 114. What are the prime factors of l?
29
Let n be 8 - 9 - (-3 - -92). Suppose -5*u + 2*a - 14 = 0, 0*u - u + 4*a - 10 = 0. List the prime factors of ((-36)/n)/(u/(-130)).
2, 13
Let a be (3*30/9)/2*1. Suppose a*x - 58 = 62. What are the prime factors of x?
2, 3
Suppose -38095 + 223047 = 61*i. List the prime factors of i.
2, 379
Let g(d) = -7*d + 250. List the prime factors of g(-33).
13, 37
Let w(c) = -c**3 - 2*c**2 + 38. Let l be -1*0/(4 - 0). What are the prime factors of w(l)?
2, 19
Let l(a) = 11*a**3 + 5*a**2 - 5*a - 1. Let b be l(3). Suppose 22*w - 20*w - b = 0. What are the prime factors of w?
163
Let i(f) = -f**3 + 2*f + 1. Let u be i(-1). Suppose 12 = -u*a + 4*a. Suppose a*o - 6*j = -j + 72, -j + 72 = 3*o. List the prime factors of o.
2, 3
Let t(r) = -r**3 - 19*r**2 - 10*r - 23. List the prime factors of t(-20).
577
Let k(v) = -2*v**3 + 7*v**2 + 3*v + 6. Let u be k(4). What are the prime factors of 2430/18 - u/1?
7, 19
Let c(k) be the first derivative of -3*k**2 + 5*k - 86. Suppose 5*m - 2*m + 12 = 0. What are the prime factors of c(m)?
29
Suppose 6*g = 5*g + 138. Suppose -c - 2*c + g = -h, 5*h - 184 = -4*c. What are the prime factors of c?
2, 23
Let z be (-1)/5 + (-240)/50. Let y(x) = x**2. What are the prime factors of y(z)?
5
Suppose 0 = w + 3*t + t - 465, 0 = 2*w + 3*t - 915. List the prime factors of w.
3, 151
Let z(h) = 6*h - 45. Let n be z(8). Suppose -124 = -n*c + w, 2*c - 4*w = -2*c + 176. What are the prime factors of c?
2, 5
Let j(b) = 3*b**2 + 7*b + 5. Let g be j(-6). What are the prime factors of g*(1 - ((-5 - -2) + 3))?
71
Let j be (-5 + 3)/((-2)/5). Let l(r) be the first derivative of r**4/4 - 4*r**3/3 - r**2/2 - 5*r + 2. List the prime factors of l(j).
3, 5
Let a = 2653 + -1131. What are the prime factors of a?
2, 761
Suppose 2*c - 97 = 4*d - d, -c = -d - 48. Suppose -20 = -b + c. What are the prime factors of b?
67
Suppose 0*h - 78 = -6*h. Let v(n) = -2*n + 40 - h + 0*n. List the prime factors of v(-11).
7
Suppose 3*i - 366 = -2*h, -3*h + h - i + 362 = 0. Let q = h - 113. List the prime factors of q.
67
Let o(u) = -u - 6. Let h be o(-12). Let c be h/(-42) + 806/7. Suppose 5*d = 5*x - 0*x - 170, -c = -4*x - 3*d. List the prime factors of x.
31
Suppose 3*v + v - 24 = 0. Let w be 6/18 - (-10)/v. What are the prime factors of (w - (3 + 0)) + 32?
31
Let o = -3227 - -3812. List the prime factors of o.
3, 5, 13
Let u = 135 - 130. Suppose 20 = -u*b, 2*h - 13 = -b + 211. List the prime factors of h.
2, 3, 19
Let b(q) = 23*q + 94. List the prime factors of b(20).
2, 277
List the prime factors of 320/(-48)*18/(-5).
2, 3
Let w = -143 + 145. Let m(v) = 12*v**3 - 4*v**2 + 4*v - 2. List the prime factors of m(w).
2, 43
Let i(c) = -c**2 - 19*c + 37. Let w be i(-10). Let g = w + 11. List the prime factors of g.
2, 3, 23
Let v = 5224 + -1661. List the prime factors of v.
7, 509
Suppose -4*m - 2 - 6 = 0. Let u be m/(-2) - 2 - -2. Let i = 15 - u. What are the prime factors of i?
2, 7
Let n(d) = -25*d - 37. List the prime factors of n(-4).
3, 7
Suppose 3*q + 4 = -4*h + 7*q, 1 = q. Suppose 5*m - 141 + 21 = h. Suppose 79 = 5*u + m. List the prime factors of u.
11
Let b = -20 + 35. Let s be ((-5)/b)/(3/(-9)). What are the prime factors of 0 + 43 - (-3)/s?
2, 23
Suppose 5*z - 2959 + 1009 = 0. List the prime factors of z.
2, 3, 5, 13
Let i(f) = -24*f + 66. What are the prime factors of i(-22)?
2, 3, 11
Let a = 25 + -11. Suppose 0 = -4071*n + 4063*n + 480. Let k = n + a. What are the prime factors of k?
2, 37
Let n = 1274 + -1144. List the prime factors of n.
2, 5, 13
Suppose 3*y - 3 = -12. Let d(v) = 38*v - 325. Let u be d(9). What are the prime factors of (1 + y)/2 + u?
2
What are the prime factors of (3 - (-1668)/(-18))*-6?
2, 269
Suppose 141*h = 143*h - 542. What are the prime factors of h?
271
Suppose -14*t + 2 = -13*t. Suppose 476 = 4*b + 4*k - 264, -t*b + 3*k + 365 = 0. List the prime factors of b.
2, 23
Let q be 1 + (2 - (1 + 0)). Let t(n) = 24*n**2 + 4*n - 3. List the prime factors of t(q).
101
Let h = -964 - -1997. List the prime factors of h.
1033
Let v(g) = -6*g + 26. Let j(u) = u - 5. Let t(s) = 16*j(s) + 3*v(s). Let h be t(2). List the prime factors of h/2*(-14 + 10).
2, 3
What are the prime factors of 342/(-27)*2/(16/(-708))?
19, 59
Suppose -4*f + 3*m + 3574 = 0, 4450 = 5*f - 3*m + 8*m. What are the prime factors of f?
2, 223
List the prime factors of (-5 - -12) + -13 - -696.
2, 3, 5, 23
Let b = -269 - -509. List the prime factors of b.
2, 3, 5
Let z(m) be the first derivative of -9/2*m**2 - 2*m + 1/4*m**4 - 10 + 4/3*m**3. What are the prime factors of z(-5)?
2, 3
Suppose -4*m + 2151 = 3*x, -5*x + 2*m = 6*m - 3593. What are the prime factors of x?
7, 103
Let r(s) = s**2 - 8*s - 2. Let k be r(10). Let n = -30 + k. Let m = 37 + n. List the prime factors of m.
5
Let c(y) = -y**3 + 6*y**2 - 4*y. Let x be c(6). Let n be (-6 + 7)*(-1 - x). Let f = n - 15. What are the prime factors of f?
2
Let g = 166 + -170. Let v(f) = -f**3 + 4*f**2 + 2*f - 6. Let k be v(4). List the prime factors of (30*(-1 - g))/k.
3, 5
Let w be (-168)/(-30) + (-2)/(-5). Let l(v) = 6*v - 8. Let p be l(w). Suppose -p - 24 = -4*o. What are the prime factors of o?
13
Let m be ((-2)/(-5))/((-6)/(-150)). Suppose -2*u + m - 6 = 0. Let h(q) = 7*q**3 - 2*q**2 + q - 2. List the prime factors of h(u).
2, 3
Let y be 25/(-6 + 3 - -2). Let x = y + 17. What are the prime factors of (-3 + (-36)/x)*10?
3, 5
Let d(m) = 2*m**3 - 5*m. Let w be d(3). List the prime factors of ((-286)/w)/((-22)/18 - -1).
3, 11
Let j(o) = -o**2 + 3*o - 4. Let u be j(4). Let v be 10013/76 - 2/u. Suppose -8*n + 11*n = v. List the prime factors of n.
2, 11
Let h(p) = 51*p + 378. What are the prime factors of h(10)?
2, 3, 37
Suppose 681*p - 26299 = 674*p. List the prime factors of p.
13, 17
Suppose -6*a = -16 - 8. Suppose 4*o = 6*o - a. List the prime factors of o.
2
Suppose 5*m - 113 = 3*f - 0*m, -5*f + 4*m = 171. Let h = -28 - f. What are the prime factors of h?
3
Let i(x) = 2*x**3 - 4*x**2 + 9*x - 1. Let m be i(7). Suppose f - m = -7*f. What are the prime factors of f?
3, 23
Let r be -3 + -1 + 4 + -3 + 1. List the prime factors of ((-8)/(-3) + r)/(1/6).
2
Let g be ((-13)/(-3))/(5/15). Let l = -13 + g. Suppose -8 = -2*s - l. What are the prime factors of s?
2
Suppose 0 = -5*o + 1845 + 580. What are the prime factors of o?
5, 97
Suppose -5960 = -3*a - a. Let f be a/14 + 12/21. Suppose 14 = 5*t - 1, t - f = -4*s. What are the prime factors of s?
2, 13
Let m = -1 - -7. Suppose -h - 3*d - 12 = -7*d, 0 = -2*d + m. Suppose 2*b - 10 + h = 0. List the prime factors of b.
5
S